en thousands digit of (0/3 + 0 - 1) + (-154 - -11950)?
1
Let f be 1/(-2) - 150/20. Let w be (1 - 0) + -4 - (2 - f). Let n(b) = b**3 + 15*b**2 + 17*b - 22. What is the units digit of n(w)?
5
Let w(f) = -f**3 - 13*f**2 + 19*f**2 - 8*f**2 - 13 - 6*f**2 + 11*f. What is the units digit of w(-11)?
9
Let h be -28574 + (-44)/(-20) + 3/(-15). What is the units digit of 3/8 - h/96?
8
Let t = 412 + -373. Let o = 274 + t. What is the tens digit of o?
1
Let w(f) = 3*f**2 - 3*f + 11. Let s(o) = -2*o**2 + 2*o - 10. Let q(j) = -4*s(j) - 3*w(j). Let p be q(-3). What is the tens digit of (-4092)/(-55) - 3/p?
7
Let g = 35 + -35. Let k be g - (-3)/(1 + 0). Suppose 0 = k*m + 2*q - 331, 2*q + q = 4*m - 430. What is the hundreds digit of m?
1
Suppose 334819 = 4*s + 3*l, 16233 + 67533 = s - 8*l. What is the hundreds digit of s?
7
Let z be (13 - 15)/((-3)/22476). Suppose 24336 + z = 20*y. What is the units digit of y?
6
Let o = -1067 + 2184. Let y = o - 425. What is the hundreds digit of y?
6
Suppose 2*p = -3*f + 90562, -2*p + 34410 = -5*f + 185368. What is the ten thousands digit of f?
3
Suppose -3*s = 508 + 2021. Let x = s + 1320. What is the units digit of x?
7
Suppose 0 = -4*s - 3*o + 28, s + 2*s = 4*o - 4. What is the hundreds digit of s/8*-314*(1 + -10)?
4
Let y(u) = 5*u - 41. Let s be y(9). Suppose -a = -s*k - 0*k + 1463, -4*k + 2*a = -1458. What is the hundreds digit of k?
3
Let i = 1090 + -3266. Let h = i - -3895. What is the units digit of h?
9
Let x be ((-4)/12)/(2/6) - -3. Let m(h) = 10 - 5*h + 6*h - h**x + 9 - 18*h. What is the units digit of m(-8)?
1
Let w = 71 - 51. Suppose -w*p + 4464 = 4*p. What is the tens digit of p?
8
Let i be (-1)/(-3) - 3*2/18. Suppose i = 98*k - 95*k - 918. Suppose 2*m + x - k = -2*m, -x = -4*m + 310. What is the tens digit of m?
7
Suppose -30*d = 29*d - 48*d - 104599. What is the thousands digit of d?
9
Let b(a) = -2*a**3 + 3*a**2 + 89*a + 159. What is the tens digit of b(-26)?
2
Let m(g) = g**3 - 4*g**2 - 5*g - 5. Let q be m(5). Let a = 651 - 647. What is the units digit of ((-2)/q)/(((-16)/(-300))/a)?
0
Let t(b) be the second derivative of 955*b**4/12 + 2*b**3/3 + 2*b**2 + b - 18. What is the units digit of t(-1)?
5
Let q(t) = -t**3 + 10*t**2 + 12*t - 6. Let p be q(10). Let v = p + 41. What is the units digit of v?
5
Let m(s) be the first derivative of s**4 + s**3/3 + s**2 - s + 23. Let h be m(3). Suppose -2*w - 24 = -h. What is the units digit of w?
9
Let f(r) = -3 + 13*r**2 - 10*r**3 + 16*r + 18*r**3 - 5 - 7*r**3. Let q be f(-11). Suppose -q + 22 = -3*s. What is the units digit of s?
2
Suppose 13*a = 64*a + 311146 - 1398619. What is the ten thousands digit of a?
2
Let h = 101275 + -52647. What is the ten thousands digit of h?
4
Let k = -18 + 44. Let d = 42 - k. Suppose d*p - 19*p = -126. What is the tens digit of p?
4
Let l(h) = 187*h**3 + 4*h**2 + 19*h - 30. What is the tens digit of l(3)?
1
Let l = -80 + 79. Let j be l + 0 - (0 + -3). Suppose -j*f + 400 = 2*f. What is the units digit of f?
0
Let x(a) be the second derivative of 32*a**5/5 + a**4/12 - a**3/6 + a**2/2 - 32*a. Let d be x(1). Suppose 155 = 4*i - d. What is the tens digit of i?
7
Let c = 2080 - -3926. What is the hundreds digit of c?
0
Let h(z) = -6*z - 13. Let p(v) be the first derivative of -v**3/3 + v**2 - 7*v + 9. Let f be p(0). What is the tens digit of h(f)?
2
Let s(o) = -1271*o - 165. What is the units digit of s(-11)?
6
Let r = 32002 - 17907. What is the hundreds digit of r?
0
Suppose 0 = -5*c + 3*v + 4, -4*c - 3*v - 2*v = -18. Suppose 0*l - 85 = -3*l - 4*s, 4*l + c*s = 100. What is the units digit of l?
3
Suppose -3*y - 10*y = -533. Let f = y + 115. What is the units digit of f?
6
Suppose -3*n - 29 = 5*t, 3*t - 3*n + 27 = -0*t. Let u be (t/3 + -1)/((-16)/24). Suppose 4*s - 5*w - 94 = 0, -2*s - 68 = -5*s + u*w. What is the tens digit of s?
2
Suppose 0 = 31*s - 27*s - 52. Suppose 0 = 38*n - s*n - 12125. What is the hundreds digit of n?
4
Suppose -o = -12*o - 154. Let v(t) = -26*t - 36. What is the tens digit of v(o)?
2
Let h(f) be the third derivative of 0*f + 0 - 7/3*f**3 + 19/24*f**4 + 29*f**2. What is the tens digit of h(5)?
8
Let x = 48581 - 23935. What is the thousands digit of x?
4
Suppose -2*v - 2488 = 5*u - 7062, 4*v - 9168 = -5*u. What is the tens digit of v?
9
Let s = -4 + -9. Let c(l) = 6*l + 29. Let j be c(s). Let f = j - -71. What is the units digit of f?
2
Let d = 5561 + -1399. Suppose -5*x + 3648 = -d. Suppose x = 10*l + l. What is the hundreds digit of l?
1
What is the units digit of 23425 + (10 - 11 - -8) + -2?
0
Let z(a) = -2*a**2 + 2*a + 6. Suppose 0*l - 2*l = 0. Let u be z(l). Suppose -r = u - 37. What is the units digit of r?
1
Let y(i) = -1. Let b(g) = -g**2 + 2*g + 3. Let z(o) = -b(o) - 4*y(o). Let v be z(1). Suppose v = -l, 0*l - 2*l - 172 = -n. What is the units digit of n?
2
Suppose -5*r + 26668 = 4*a, -7*a - 21356 = -4*r - 3*a. What is the units digit of r?
6
Suppose -61606 = -16*m + 42410. Suppose -9*q = -20*q + m. Suppose 4*b - q + 139 = 0. What is the tens digit of b?
1
Let r(a) = a**2 + 3*a + 5. Let n(s) = s**2 - 16*s + 26. Let y(w) = w**3 + 8*w**2 - 3*w - 10. Let o be y(-8). Let v be n(o). What is the units digit of r(v)?
3
Let w be (-29 - (2 - 1))*(-4)/6. Let u(s) = 5*s - 60. Let h be u(w). Suppose -2*k + h = 2*x, -12 = 3*k + 4*x - 77. What is the units digit of k?
5
Let p be 7 - ((-5 - 0) + 9 + 1). Let u(h) = 15*h**3 + h**2 + 2*h - 5. What is the units digit of u(p)?
3
Let d = 87798 - 19127. What is the hundreds digit of d?
6
Let n = 68898 - 47524. What is the thousands digit of n?
1
Suppose 5*n = 7*n - 4. Suppose 2*c - 2*l - 1736 = 0, -6*c + n*l = -c - 4352. What is the tens digit of c?
7
Let u(k) = -12*k - 12. Suppose 0 = 2*x - 2*n - 0*n + 50, 0 = x - 5*n + 25. What is the hundreds digit of u(x)?
2
Suppose 0 = -3*g + 7*g - 20. Suppose -5 = -g*l + 3*h, 5*h = -3*l - 1 + 4. What is the hundreds digit of 117 + 10/3 + l/(-3)?
1
Let q = -31369 - -45393. What is the ten thousands digit of q?
1
Let y(l) = l**2 - 37*l - 57. Let d be y(-27). Let k = d + -928. What is the units digit of k?
3
Suppose 25*p = -95*p + 37450 + 117350. What is the units digit of p?
0
Let d(h) = 1936*h**2 - 75*h + 230. What is the tens digit of d(4)?
0
Let j(n) = 10*n**3 + 4*n**2 + 12*n - 13. Suppose 24 = 4*l - y, 3*l - 46 = 4*y - 15. What is the thousands digit of j(l)?
1
Let k(n) be the third derivative of 5*n**4/6 - 2*n**3/3 - 19*n**2. Let v = 9 + -5. What is the tens digit of k(v)?
7
Let c be ((-161)/(-42) - 3) + 14/12. Suppose 0 = -j, -c*y - j = j - 2572. What is the units digit of y?
6
Let b(q) = 330*q**2 - 1. Let f be (-6*3)/(-6) + -4. What is the tens digit of b(f)?
2
Let l(w) = 3*w - 15. Let a be l(4). What is the units digit of (a - 2) + 4532/22?
1
What is the tens digit of 4/(-3) - (-163462900)/2460?
4
Suppose 12*w - 111299 = -13007. What is the tens digit of w?
9
Let f(u) = -u**3 + 5*u**2 + 4*u + 17. Let m be f(6). Suppose -603 = 4*g + m*g. Let t = 171 + g. What is the units digit of t?
4
Let q(o) be the first derivative of 5*o**4/12 + o**3/6 - 3*o**2/2 + 5*o + 23. Let l(k) be the first derivative of q(k). What is the tens digit of l(2)?
1
Let a(h) = 1246*h**2 - 106*h - 681. What is the ten thousands digit of a(-6)?
4
Let n = -55 + 81. Suppose -25*t + 6 = -n*t. What is the hundreds digit of 3/t - 789/(-6)?
1
Let a = -24139 - -47168. What is the thousands digit of a?
3
Suppose -3 = -3*v - 0. Let w be -30*(v - (-12)/(-9)). Suppose 2*d - 130 = -w. What is the units digit of d?
0
Let b = -548 + 167. Let l = b - -606. What is the units digit of l?
5
Let j(n) = 161*n**2 + 42*n + 87. What is the units digit of j(-2)?
7
Suppose -42*y + w + 26251 = -39*y, 3*y = 4*w + 26254. What is the units digit of y?
0
Let k(y) = y**2 - 6*y + 2. Let w be k(7). Let t(f) = 0 - 2 + 5 + 7*f + w*f**2. What is the tens digit of t(3)?
0
Let w = -272 + 1952. What is the units digit of 8/(((-14)/w)/((-2)/5))?
4
Let q(u) = u**3 - 81*u**2 + 108*u + 95. What is the thousands digit of q(80)?
2
Let j be (0 + 1/(-2))/((-3)/36). Let x be j/30 + (1053/(-15) - 0). Let y = -24 - x. What is the tens digit of y?
4
Let t = -8107 - -16520. What is the hundreds digit of t?
4
Let v be (3 + -4)/(-2)*-2. Let p(g) = -g**2 + g - 1. Let z(h) = h**3 - 12*h**2 - h - 13. Let d(x) = v*z(x) + 